False
Let s(f) = 2*f**3 + f**2 + f. Let o be s(-1). Let w = 2 - o. Suppose w*y + l = -2*l + 344, 2*y = 2*l + 186. Is y composite?
False
Let m(r) = 41*r. Is m(2) a composite number?
True
Let j be 3*3/9 - -237. Suppose 5*g + 167 = -j. Let v = 100 - g. Is v prime?
True
Let y be 3 + -1 - (0 + -10). Suppose y = v - 0*v. Is v/42 - (-12)/7 a composite number?
False
Let t be (20/(-8))/((-1)/2). Suppose t*j = -0*j + 340. Suppose -3*u = -109 - j. Is u a composite number?
False
Let v be 153/6 + (-12)/8. Suppose h - v = 121. Is h composite?
True
Let s(u) = -u**3 + 5*u**2 + 2. Let y be s(5). Suppose y*k = l + 107 + 118, -2*k = -4*l - 228. Let v = k - 57. Is v prime?
False
Let a = 1319 + -564. Is a a composite number?
True
Let w be (1 + -2)/((-3)/(-18)). Let z(m) be the first derivative of m**4/4 + 7*m**3/3 - 3*m**2/2 - m + 2. Is z(w) prime?
True
Let b(g) = 12*g**2 - 4. Let r be b(-3). Let y = 223 - r. Is y a prime number?
False
Suppose 0 = 2*j + 5*a - 693, 0*j + a - 1790 = -5*j. Is j a prime number?
True
Let w be (-20)/(12/(-3)) - -1. Is (3/w)/(2/1004) a prime number?
True
Let p = -1355 + 3508. Is p a composite number?
False
Suppose 5*d + 519 - 1394 = 0. Suppose 9*v - d = 4*v. Is v prime?
False
Let w(n) be the third derivative of -n**6/40 + n**5/20 - 5*n**4/24 - 2*n**3/3 - n**2. Is w(-3) prime?
False
Suppose 4 = -g + 1. Let q(p) = -4*p**3 + 5*p**2 + 5*p + 3. Is q(g) a composite number?
True
Let g = 103 + -66. Is g a composite number?
False
Let z(w) = w**3 + 23*w**2 + 9*w - 29. Is z(-22) a prime number?
True
Let y(v) = 2*v**3 - 14*v**2 - 9*v + 18. Is y(11) composite?
False
Is (-237)/2*6/(-9) a prime number?
True
Suppose 76 = -z - 3*z. Let v = z - -11. Is (-2)/v - (-187)/4 a composite number?
False
Suppose -4*k = 2*b + 24, -3*b - 4*k - 25 = 1. Is b/(-4) + 253/2 a composite number?
False
Is ((526*2)/(-2))/(-10 + 8) prime?
True
Suppose 32*g = 37*g - 2335. Is g a composite number?
False
Let l be -7 + 6 - 1*5. Let k(u) = -5*u + 8. Is k(l) prime?
False
Let v be 1 - (-1 - 571)/(-2). Let k = v - -400. Is k composite?
True
Suppose 58 = 5*p - 162. Suppose -31 = -5*q + p. Is ((-25)/q)/(1/(-15)) prime?
False
Suppose -5*s = 5*h - 570, 1 = 2*h - 5. Is s composite?
True
Let d(c) = c**2 - 1. Let x be d(-1). Suppose -n + 3*n = x. Is (-4)/(n - 4/14) composite?
True
Suppose -2*a - 6 = -5*a. Let n(c) = c**2 + 1 - 3*c**a - c**3 - c**2 + 4*c. Is n(-5) a composite number?
False
Suppose -a + 4 = 0, -5*s - a - 2*a + 257 = 0. Is s a prime number?
False
Suppose -4*v = 0, -4*i - 2*v - 1261 + 9057 = 0. Is i a prime number?
True
Let y(q) = 249*q**2 + 7*q + 2 - 3 + 5 - 2. Let u(p) = -125*p**2 - 3*p - 1. Let c(h) = -7*u(h) - 3*y(h). Is c(1) a prime number?
False
Let h = 2 - -6. Let g(d) = -5*d - 6*d**2 + h*d**2 - 3 + 0*d. Is g(6) a prime number?
False
Suppose 5 = -4*b + 21. Suppose b*s = 1519 + 445. Is s composite?
False
Is 1/(1/(-1516)*-4) composite?
False
Let h(p) = -p**3 + 12*p**2 - 11*p - 13. Let d(v) = 6*v - 2. Let y be d(2). Suppose 0 = -k + 6*k - 5*f - 55, 5*f = -y. Is h(k) a composite number?
False
Suppose -525 = -0*i - 5*i. Suppose -51 = 3*r + 159. Let y = i + r. Is y a prime number?
False
Suppose -5*r = -0*r + 10. Is (38/(-4))/(1/r) a prime number?
True
Let v(b) = 4*b**2 - 2*b + 3. Let z be (-6)/(-9) - 10/(-3). Is v(z) prime?
True
Suppose -q - 4*s = 4*q + 389, -3*s = 2*q + 157. Let u = 134 + q. Let m = u - -86. Is m composite?
True
Suppose -19 = -5*g - q, -4*g + 4*q + 15 = -5. Let t be (-1)/2*-1*4. Suppose 74 = g*l - t*l. Is l prime?
True
Let c(k) = 116*k + 5. Let x be c(6). Suppose -x - 589 = -6*l. Is l a composite number?
True
Is -1 - (-15)/3 - -30 a composite number?
True
Let t(j) = -62*j + 5. Is t(-6) a composite number?
True
Let t(i) = 16*i - 29. Is t(6) prime?
True
Let w(c) = 6*c + 6*c**2 - 4*c - 9 + c + c. Is w(-7) a composite number?
False
Suppose 5100 = -6*k + 11*k. Is k/8 - 4/8 prime?
True
Suppose 17*s = 14*s + 1239. Is s prime?
False
Let g(f) = 1728*f - 1. Is g(1) a prime number?
False
Let c(v) = 18*v**2 + 2*v + 6. Let x be c(-5). Suppose 3*m = w - x, -5*w + 2188 = -0*m - m. Is w prime?
False
Suppose 3*n = 4*d - 1, 4 = 5*d - n - 0*n. Is 89 - (-1)/(d/(-4)) composite?
True
Let l = 14 + -25. Let s(h) = -h**2 - 14*h - 9. Let v be s(l). Suppose -4*o - u + 33 + v = 0, 2*o - 23 = 5*u. Is o a prime number?
False
Suppose -k + 0*k = 3*q - 565, 4*q + 5*k - 768 = 0. Is q composite?
True
Let c(t) be the second derivative of -t**8/2240 - t**7/1260 + t**6/240 + t**5/40 - t**4/6 + 2*t. Let g(k) be the third derivative of c(k). Is g(-2) composite?
False
Let i be 4/(-4*1/(-2)). Suppose 3*f - 105 = -i*f. Suppose 5*p - 9 - f = 0. Is p a prime number?
False
Suppose -2*h - 3*h = -2130. Suppose 0 = -2*y + h + 376. Is y a prime number?
True
Suppose r = -l + 2, 0 - 4 = r - 5*l. Let v = 6 - r. Let z(u) = -u**2 + 10*u - 6. Is z(v) a composite number?
False
Let f = -3 - -7. Suppose f*a = 340 - 32. Is a composite?
True
Is (-280)/(-6) + (-4)/6 composite?
True
Let g(f) = f**3 + 5*f**2 + 3*f - 4. Let k be g(-4). Let h(p) = p**2 + 15. Is h(k) a prime number?
False
Let j be (-6)/(-4)*4/3. Suppose 4*k - j*k = 0. Suppose -f + 1 + 1 = k. Is f a prime number?
True
Let y(o) = 5*o**2 + 8*o + 3. Let d(p) = 4*p**2 + 7*p + 2. Let u(h) = 4*d(h) - 3*y(h). Let z be u(-3). Is (130/z)/((-2)/4) a composite number?
True
Let y = 2 - -440. Suppose 0 = 6*z - 2*z - 596. Let m = y - z. Is m composite?
False
Let a(f) = f + 17. Let g be a(-7). Is ((-166)/g)/(2/(-10)) a prime number?
True
Let h = -5 - 3. Let u be 2*-1*28/h. Suppose 5*i - 8 - u = 0. Is i a composite number?
False
Suppose -u = -4*s + 2*u + 31, 3*s + u = 7. Suppose v + 187 = 2*y, s*y = v + 237 + 132. Is y a composite number?
True
Suppose 50 - 315 = -5*s. Is s composite?
False
Let g(y) be the second derivative of y**4/4 + 2*y**3/3 + 2*y**2 + 2*y. Let w be g(-3). Let h = w + 20. Is h composite?
True
Let v(w) = 29*w**2 + 2*w. Let p be v(3). Suppose 2*k + 58 = -l + 165, -2*l = 5*k - p. Is k composite?
False
Let t be 68/12 - (-2)/6. Let v be ((-9)/t)/((-2)/28). Suppose c - v = -0*c. Is c prime?
False
Suppose 5*k + 5*a + 95 = 0, -2*k - a = 4*a + 53. Is (k/(-3))/((-6)/(-99)) prime?
False
Let c(u) be the first derivative of u**3/3 - 5*u**2/2 + 5*u + 1. Let h be c(4). Is (-2 + 39)*(2 - h) a prime number?
True
Let b(x) = 1. Let z(s) = -36*s + 2. Let j(o) = -35*o + 2. Let u(t) = 5*j(t) - 4*z(t). Let k(p) = -4*b(p) - u(p). Is k(5) composite?
False
Let t(i) = 3*i**2 - i + 2 + 8*i**2 - 3. Is t(-1) a prime number?
True
Let g(u) = -188*u - 9. Is g(-4) prime?
True
Let c(p) be the third derivative of p**6/40 - p**5/60 - p**4/6 + p**3/2 + p**2. Let h be c(2). Suppose 0 = -x + 4 + h. Is x prime?
True
Suppose -5*h - 669 = -2304. Is h prime?
False
Let m = 5 - 11. Let v = m + 103. Is v a prime number?
True
Let a = 0 - -2. Suppose -3 = -5*t - 3*u + 568, 3*u + 220 = a*t. Is t a prime number?
True
Suppose -34 + 544 = 5*r. Suppose 3*w = 5*w - r. Is w a prime number?
False
Suppose 3*a + 0*a - 72 = 0. Let y = -6 + a. Suppose j = -h + y + 16, 0 = -5*h - 4*j + 167. Is h a prime number?
True
Let v(z) = 73*z**2 + z + 1. Let m be v(2). Let b(u) = -2*u**2 + 2*u + 108. Let f be b(0). Let r = m - f. Is r composite?
True
Suppose 4*g + 5*w - 146 = 2*g, -g + 79 = w. Is g prime?
True
Let f(g) be the third derivative of g**5/60 + 5*g**4/24 + g**3/3 - g**2. Let l be f(-3). Is (-2 - 26)*5/l a prime number?
False
Let x be (-8 - -7)/((-2)/10). Suppose 4*b - x*b = -47. Is b composite?
False
Suppose 4*z - 86 = -2*o, 9*z - 4*z + 4*o - 100 = 0. Let f be z/(4 - 1)*1. Let y = 22 - f. Is y composite?
True
Let g(i) = -52*i**2 - 1. Let z be g(2). Let m = 358 + z. Is m a prime number?
True
Is (-2)/(-16) + (-14161)/(-56) composite?
True
Let d = 717 - 320. Is d a composite number?
False
Let m(f) = 2*f**3 - 2*f**2 + 11*f - 13. Is m(6) a composite number?
True
Let h(u) = u - 3. Let o be h(5). Suppose 0*t = -2*t + o. Is (318/(-18))/(t/(-3)) a composite number?
False
Let w be (-2)/(-8) + 19/4. Let j be (-4)/10 + (-273)/w. Let r = j - -92. Is r a prime number?
True
Suppose 4*z + 139 = 3*n, -4*n - n + 237 = -4*z. Suppose -w + n = -10. Is w a prime number?
True
Suppose -106 = -0*d - 2*d. Is d prime?
True
Suppose -3*s + 8*s - 415 = 0. Let i = s - 124. Let a = i + 126. Is a a prime number?
False
Let k(c) = -4*c. Let s be 